he prime factors of 1245670056.
2, 3, 5766991
List the prime factors of 133296813.
3, 13, 17, 89, 251
List the prime factors of 370395644.
2, 3361, 27551
List the prime factors of 3063062259.
3, 163, 1319, 1583
What are the prime factors of 90385397?
7243, 12479
List the prime factors of 1292449012.
2, 457, 707029
What are the prime factors of 42866111?
73, 79, 7433
List the prime factors of 20240574.
2, 3, 17, 198437
What are the prime factors of 1884543499?
43, 79, 554767
List the prime factors of 32996499.
3, 10998833
What are the prime factors of 5326770903?
3, 1775590301
What are the prime factors of 25863685?
5, 439, 11783
List the prime factors of 488630345.
5, 7, 13960867
List the prime factors of 28846554.
2, 3, 11, 23, 31, 613
What are the prime factors of 242727113?
61, 3979133
What are the prime factors of 7113893282?
2, 37, 97, 991069
What are the prime factors of 2005437903?
3, 7, 53, 67, 26893
List the prime factors of 4348421731.
53047, 81973
What are the prime factors of 672655191?
3, 13, 1409, 12241
What are the prime factors of 581972971?
491, 1185281
List the prime factors of 13417095.
3, 5, 137, 6529
List the prime factors of 2501555447.
19, 31, 197, 21559
List the prime factors of 314272015.
5, 62854403
List the prime factors of 458840934.
2, 3, 25491163
What are the prime factors of 113883315?
3, 5, 7, 13, 83431
What are the prime factors of 663415021?
17, 73, 534581
What are the prime factors of 1666652013?
3, 13, 19, 23, 37, 881
What are the prime factors of 147972483?
3, 83, 113, 1753
What are the prime factors of 535000282?
2, 267500141
List the prime factors of 5744853811.
809, 7101179
List the prime factors of 46975969.
29, 1619861
What are the prime factors of 192380685?
3, 5, 7, 1832197
What are the prime factors of 85069882?
2, 37, 1149593
What are the prime factors of 6673467467?
6673467467
List the prime factors of 333414069.
3, 523, 212501
What are the prime factors of 4722121535?
5, 17, 1831, 30341
List the prime factors of 349925607.
3, 3853, 10091
What are the prime factors of 84897193?
84897193
What are the prime factors of 3913548678?
2, 3, 13, 16724567
List the prime factors of 67266575.
5, 2690663
What are the prime factors of 137584730?
2, 5, 13758473
What are the prime factors of 3627214608?
2, 3, 19, 3977209
List the prime factors of 55206968.
2, 97, 71143
What are the prime factors of 30933740?
2, 5, 1546687
List the prime factors of 1746455377.
1746455377
What are the prime factors of 1344483957?
3, 1597, 280627
List the prime factors of 68963276.
2, 29, 594511
List the prime factors of 12503644.
2, 653, 4787
List the prime factors of 60226978.
2, 7, 614561
List the prime factors of 65429484.
2, 3, 479, 11383
List the prime factors of 160593572.
2, 509, 78877
List the prime factors of 316379917.
7, 6456733
List the prime factors of 32839592.
2, 379, 10831
List the prime factors of 22509395.
5, 19, 313, 757
What are the prime factors of 2128988099?
7, 41, 7418077
What are the prime factors of 606323223?
3, 11, 6124477
List the prime factors of 1553204938.
2, 79, 107, 91873
What are the prime factors of 686060797?
19, 36108463
What are the prime factors of 319467748?
2, 19, 4203523
List the prime factors of 1005381786.
2, 3, 167563631
What are the prime factors of 2627412079?
2627412079
List the prime factors of 383418314.
2, 191709157
List the prime factors of 3249143617.
149, 21806333
List the prime factors of 3964143917.
41, 96686437
What are the prime factors of 1311443652?
2, 3, 167, 654413
What are the prime factors of 343030246?
2, 13, 13193471
List the prime factors of 50535452.
2, 11, 41, 109, 257
What are the prime factors of 8094304?
2, 19, 13313
What are the prime factors of 1168923006?
2, 3, 64940167
List the prime factors of 28531804.
2, 7, 1018993
List the prime factors of 72783344.
2, 59, 77101
List the prime factors of 50479969.
179, 282011
List the prime factors of 1333690937.
37, 1567, 23003
What are the prime factors of 482797102?
2, 1327, 181913
What are the prime factors of 537823330?
2, 5, 11, 53, 92251
What are the prime factors of 17079285?
3, 5, 179, 6361
List the prime factors of 17988403.
101, 178103
List the prime factors of 1155396717.
3, 443, 10733
List the prime factors of 97201718.
2, 103, 471853
List the prime factors of 53004807.
3, 673, 2917
What are the prime factors of 1752624004?
2, 73, 6002137
What are the prime factors of 1153474045?
5, 97, 2378297
What are the prime factors of 258699433?
31, 139, 60037
List the prime factors of 440851349.
440851349
What are the prime factors of 2938260161?
17, 172838833
What are the prime factors of 1152340914?
2, 3, 4969, 38651
List the prime factors of 38097882.
2, 3, 389, 5441
What are the prime factors of 873428388?
2, 3, 7, 10397957
What are the prime factors of 150157619?
150157619
List the prime factors of 1826732484.
2, 3, 17, 79, 37783
What are the prime factors of 2371527993?
3, 31, 3581, 7121
What are the prime factors of 967491399?
3, 7, 541, 85159
List the prime factors of 9908479.
7, 1415497
List the prime factors of 3961628563.
79, 50147197
What are the prime factors of 835702979?
37, 43, 317, 1657
List the prime factors of 10832513.
47, 230479
List the prime factors of 57485924.
2, 23, 624847
List the prime factors of 120080337.
3, 13, 3078983
What are the prime factors of 3900017351?
59, 66101989
List the prime factors of 2403523193.
2403523193
What are the prime factors of 74229865?
5, 19, 781367
What are the prime factors of 355671406?
2, 177835703
What are the prime factors of 32421331?
32421331
What are the prime factors of 447332765?
5, 11, 739393
List the prime factors of 4763134372.
2, 1190783593
List the prime factors of 19236397.
19236397
What are the prime factors of 67404292?
2, 31, 109, 4987
List the prime factors of 557946120.
2, 3, 5, 17, 273503
What are the prime factors of 1567385320?
2, 5, 263, 148991
List the prime factors of 858637921.
17, 50508113
What are the prime factors of 96914679?
3, 32304893
What are the prime factors of 347884438?
2, 11, 367, 3917
What are the prime factors of 577274909?
577274909
What are the prime factors of 114504570?
2, 3, 5, 424091
What are the prime factors of 372359921?
61, 6104261
What are the prime factors of 1617329071?
9719, 166409
What are the prime factors of 2556419401?
109, 1531, 15319
List the prime factors of 319005986.
2, 13, 17, 721733
What are the prime factors of 529597092?
2, 3, 44133091
List the prime factors of 2422989079.
7, 19, 1759, 10357
What are the prime factors of 17277106?
2, 7, 11, 31, 47
List the prime factors of 382188882.
2, 3, 71, 897157
List the prime factors of 105292743.
3, 251, 139831
List the prime factors of 171173213.
1553, 110221
List the prime factors of 530810595.
3, 5, 7, 1685113
What are the prime factors of 3340791?
3, 123733
List the prime factors of 305430951.
3, 7, 137, 106163
What are the prime factors of 244058373?
3, 13, 695323
List the prime factors of 16209480.
2, 3, 5, 7, 23, 839
List the prime factors of 47971896.
2, 3, 7, 283, 1009
What are the prime factors of 722637896?
2, 229, 394453
List the prime factors of 810501257.
810501257
List the prime factors of 35300825.
5, 7, 28817
List the prime factors of 4204771869.
3, 71, 19740713
What are the prime factors of 4532058905?
5, 11, 82401071
List the prime factors of 708249369.
3, 236083123
List the prime factors of 2887602847.
17, 577, 294383
List the prime factors of 1496533230.
2, 3, 5, 59, 281833
List the prime factors of 4036942426.
2, 11, 19, 43, 11821
What are the prime factors of 621669770?
2, 5, 17, 3656881
What are the prime factors of 229699539?
3, 151, 173, 977
List the prime factors of 83905474.
2, 41952737
What are the prime factors of 146439549?
3, 5423687
List the prime factors of 2517346948.
2, 37, 17009101
What are the prime factors of 55920153?
3, 23, 810437
What are the prime factors of 4565066029?
15083, 302663
What are the prime factors of 11156568?
2, 3, 464857
What are the prime factors of 44184841?
47, 193, 4871
What are the prime factors of 10561422?
2, 3, 163, 10799
What are the prime factors of 151159420?
2, 5, 7557971
What are the prime factors of 86851858?
2, 41, 1059169
What are the prime factors of 6454030?
2, 5, 11, 23